{"id":92,"date":"2013-10-31T16:46:46","date_gmt":"2013-10-31T14:46:46","guid":{"rendered":"http:\/\/www.2013-neu.astro-doerfert.de\/?page_id=92"},"modified":"2025-01-25T18:21:36","modified_gmt":"2025-01-25T16:21:36","slug":"impressum-2","status":"publish","type":"page","link":"https:\/\/www.astrologie-und-hom\u00f6opathie.de\/?page_id=92","title":{"rendered":"Impressum"},"content":{"rendered":"\n<h2 class=\"wp-block-heading\">Verantwortlich f\u00fcr den Inhalt dieser Seite ist:<\/h2>\n\n\n\n<p>Petra D\u00f6rfert<br>\nGoethestr. 58<br>\nD-10625 Berlin<\/p>\n\n\n\n<p>Tel. 030\/30102414<br>\nE-Mail: info@naturheilpraxis-doerfert.de<\/p>\n\n\n\n<h2 class=\"wp-block-heading\">Berufsbezeichnung:<\/h2>\n\n\n\n<p>Heilpraktikerin (Bundesrepublik Deutschland)<\/p>\n\n\n\n<h2 class=\"wp-block-heading\">Beh\u00f6rdliche Zulassung:<\/h2>\n\n\n\n<p>Die Erlaubnis zur&nbsp; Aus\u00fcbung der Heilkunde ohne Bestallung wurde am 18. Juni 2008 erteilt von:<br>\nLandeshauptstadt Stuttgart<br>\nAmt f\u00fcr \u00f6ffentliche Ordnung<br>\nEberhardstr. 39<br>\n70173 Stuttgart<\/p>\n\n\n\n<p>nach \u00dcberpr\u00fcfung durch:<\/p>\n\n\n\n<p>Landeshauptstadt Stuttgart<br>\nGesundheitsamt<br>\nBismarckstr. 3<br>\n70176 Stuttgart<\/p>\n\n\n\n<h2 class=\"wp-block-heading\">Zust\u00e4ndige Aufsichtsbeh\u00f6rde:<\/h2>\n\n\n\n<p>Gesundheitsamt Berlin-Charlottenburg<br>\nHohenzollerndamm 117<br>\n10713 Berlin<br>\n<a href=\"https:\/\/www.berlin.de\/ba-charlottenburg-wilmersdorf\/verwaltung\/aemter\/gesundheitsamt\/\" target=\"_blank\" rel=\"noopener\">https:\/\/www.berlin.de\/ba-charlottenburg-wilmersdorf\/verwaltung\/aemter\/gesundheitsamt\/<\/a><\/p>\n\n\n\n<h2 class=\"wp-block-heading\">Berufsst\u00e4ndische Kammer:<\/h2>\n\n\n\n<p>entf\u00e4llt<\/p>\n\n\n\n<h2 class=\"wp-block-heading\">Berufsrechtliche Regelungen und Zugang zu diesen Regelungen:<\/h2>\n\n\n\n<p>Gesetz \u00fcber die berufsm\u00e4\u00dfige Aus\u00fcbung der Heilkunde ohne Bestallung (Heilpraktikergesetz) vom 17. Februar 1939 (RGBI. I S. 251), zuletzt ge\u00e4ndert durch das Gesetz vom 2.3.1974 (BGBI. I S. 469) und dessen Richtlinien zur Durchf\u00fchrung des Heilpraktikergesetzes vom 14.02.1997 (StAnz. 10\/1997 S. 813) unter Ber\u00fccksichtigung der \u00c4nderung vom 15.12.2000 (StAnz.2\/2001 S. 99) \u2013 1. DVO-HPG.<\/p>\n\n\n\n<p>Nachzulesen bei <a href=\"http:\/\/www.gesetze-im-internet.de\/heilprg\/index.html\" target=\"_blank\" rel=\"noreferrer noopener\">www.gesetze-im-internet.de\/heilprg\/index.html<\/a><\/p>\n\n\n\n<p>Die g\u00fcltige Berufsordnung kann unter anderem auf<br>\n<a href=\"http:\/\/www.heilpraktiker.org\/die-berufsordnung-fuer-heilpraktiker\" target=\"_blank\" rel=\"noopener\">www.heilpraktiker.org\/die-berufsordnung-fuer-heilpraktiker<\/a> eingesehen werden.<\/p>\n\n\n\n<h2 class=\"wp-block-heading\">Zust\u00e4ndige Finanzbeh\u00f6rde:<\/h2>\n\n\n\n<p>Finanzamt Charlottenburg<br>\nBismarckstr. 48<br>\n10627 Berlin<\/p>\n\n\n\n<h2 class=\"wp-block-heading\">Haftungsausschluss:<\/h2>\n\n\n\n<p>Trotz sorgf\u00e4ltiger inhaltlicher Kontrolle \u00fcbernehme ich keine Haftung f\u00fcr die Inhalte externer Links. F\u00fcr den Inhalt der verlinkten Seiten sind ausschlie\u00dflich deren Betreiber verantwortlich.<\/p>\n\n\n\n<h2 class=\"wp-block-heading\">Seitengestaltung:<\/h2>\n\n\n\n<p>Webdesign &#8211; <a href=\"http:\/\/www.webdesign-rgb.de\/\" target=\"_blank\" rel=\"noopener noreferrer\">Rita Gil Brandt<br>\n<\/a>Gestaltung des Seitenhintergrunds &#8211; Eva Henning (nach einem Photo von Rotraut Reschke)<a href=\"http:\/\/www.evahenning.de\/\" target=\"_blank\" rel=\"noopener noreferrer\"><br>\n<\/a><\/p>\n","protected":false},"excerpt":{"rendered":"<p>Verantwortlich f\u00fcr den Inhalt dieser Seite ist: Petra D\u00f6rfert Goethestr. 58 D-10625 Berlin Tel. 030\/30102414 E-Mail: info@naturheilpraxis-doerfert.de Berufsbezeichnung: Heilpraktikerin (Bundesrepublik Deutschland) Beh\u00f6rdliche Zulassung: Die Erlaubnis zur&nbsp; Aus\u00fcbung der Heilkunde ohne Bestallung wurde am 18. Juni 2008 erteilt von: Landeshauptstadt Stuttgart &hellip; <a href=\"https:\/\/www.astrologie-und-hom\u00f6opathie.de\/?page_id=92\">Weiterlesen <span class=\"meta-nav\">&rarr;<\/span><\/a><\/p>\n","protected":false},"author":2,"featured_media":0,"parent":0,"menu_order":9,"comment_status":"closed","ping_status":"closed","template":"","meta":{"footnotes":""},"class_list":["post-92","page","type-page","status-publish","hentry"],"yoast_head":"<!-- This site is optimized with the Yoast SEO plugin v25.2 - https:\/\/yoast.com\/wordpress\/plugins\/seo\/ -->\n<title>Impressum - Naturheilpraxis Petra Doerfert<\/title>\n<meta name=\"robots\" content=\"index, follow, max-snippet:-1, max-image-preview:large, max-video-preview:-1\" \/>\n<link rel=\"canonical\" href=\"https:\/\/www.astrologie-und-hom\u00f6opathie.de\/?page_id=92\" \/>\n<meta property=\"og:locale\" content=\"de_DE\" \/>\n<meta property=\"og:type\" content=\"article\" \/>\n<meta property=\"og:title\" content=\"Impressum - Naturheilpraxis Petra Doerfert\" \/>\n<meta property=\"og:description\" content=\"Verantwortlich f\u00fcr den Inhalt dieser Seite ist: Petra D\u00f6rfert Goethestr. 58 D-10625 Berlin Tel. 030\/30102414 E-Mail: info@naturheilpraxis-doerfert.de Berufsbezeichnung: Heilpraktikerin (Bundesrepublik Deutschland) Beh\u00f6rdliche Zulassung: Die Erlaubnis zur&nbsp; Aus\u00fcbung der Heilkunde ohne Bestallung wurde am 18. Juni 2008 erteilt von: Landeshauptstadt Stuttgart &hellip; Weiterlesen &rarr;\" \/>\n<meta property=\"og:url\" content=\"https:\/\/www.astrologie-und-hom\u00f6opathie.de\/?page_id=92\" \/>\n<meta property=\"og:site_name\" content=\"Naturheilpraxis Petra Doerfert\" \/>\n<meta property=\"article:modified_time\" content=\"2025-01-25T16:21:36+00:00\" \/>\n<meta name=\"twitter:card\" content=\"summary_large_image\" \/>\n<meta name=\"twitter:label1\" content=\"Gesch\u00e4tzte Lesezeit\" \/>\n\t<meta name=\"twitter:data1\" content=\"2\u00a0Minuten\" \/>\n<script type=\"application\/ld+json\" class=\"yoast-schema-graph\">{\"@context\":\"https:\/\/schema.org\",\"@graph\":[{\"@type\":\"WebPage\",\"@id\":\"https:\/\/www.astrologie-und-hom\u00f6opathie.de\/?page_id=92\",\"url\":\"https:\/\/www.astrologie-und-hom\u00f6opathie.de\/?page_id=92\",\"name\":\"Impressum - Naturheilpraxis Petra Doerfert\",\"isPartOf\":{\"@id\":\"https:\/\/www.astrologie-und-hom\u00f6opathie.de\/#website\"},\"datePublished\":\"2013-10-31T14:46:46+00:00\",\"dateModified\":\"2025-01-25T16:21:36+00:00\",\"breadcrumb\":{\"@id\":\"https:\/\/www.astrologie-und-hom\u00f6opathie.de\/?page_id=92#breadcrumb\"},\"inLanguage\":\"de\",\"potentialAction\":[{\"@type\":\"ReadAction\",\"target\":[\"https:\/\/www.astrologie-und-hom\u00f6opathie.de\/?page_id=92\"]}]},{\"@type\":\"BreadcrumbList\",\"@id\":\"https:\/\/www.astrologie-und-hom\u00f6opathie.de\/?page_id=92#breadcrumb\",\"itemListElement\":[{\"@type\":\"ListItem\",\"position\":1,\"name\":\"Startseite\",\"item\":\"https:\/\/www.astrologie-und-hom\u00f6opathie.de\/\"},{\"@type\":\"ListItem\",\"position\":2,\"name\":\"Impressum\"}]},{\"@type\":\"WebSite\",\"@id\":\"https:\/\/www.astrologie-und-hom\u00f6opathie.de\/#website\",\"url\":\"https:\/\/www.astrologie-und-hom\u00f6opathie.de\/\",\"name\":\"Naturheilpraxis Petra Doerfert\",\"description\":\"Heilpraktikerin, gepr\u00fcfte Astrologin DAV\",\"potentialAction\":[{\"@type\":\"SearchAction\",\"target\":{\"@type\":\"EntryPoint\",\"urlTemplate\":\"https:\/\/www.astrologie-und-hom\u00f6opathie.de\/?s={search_term_string}\"},\"query-input\":{\"@type\":\"PropertyValueSpecification\",\"valueRequired\":true,\"valueName\":\"search_term_string\"}}],\"inLanguage\":\"de\"}]}<\/script>\n<!-- \/ Yoast SEO plugin. -->","yoast_head_json":{"title":"Impressum - Naturheilpraxis Petra Doerfert","robots":{"index":"index","follow":"follow","max-snippet":"max-snippet:-1","max-image-preview":"max-image-preview:large","max-video-preview":"max-video-preview:-1"},"canonical":"https:\/\/www.astrologie-und-hom\u00f6opathie.de\/?page_id=92","og_locale":"de_DE","og_type":"article","og_title":"Impressum - Naturheilpraxis Petra Doerfert","og_description":"Verantwortlich f\u00fcr den Inhalt dieser Seite ist: Petra D\u00f6rfert Goethestr. 58 D-10625 Berlin Tel. 030\/30102414 E-Mail: info@naturheilpraxis-doerfert.de Berufsbezeichnung: Heilpraktikerin (Bundesrepublik Deutschland) Beh\u00f6rdliche Zulassung: Die Erlaubnis zur&nbsp; Aus\u00fcbung der Heilkunde ohne Bestallung wurde am 18. Juni 2008 erteilt von: Landeshauptstadt Stuttgart &hellip; Weiterlesen &rarr;","og_url":"https:\/\/www.astrologie-und-hom\u00f6opathie.de\/?page_id=92","og_site_name":"Naturheilpraxis Petra Doerfert","article_modified_time":"2025-01-25T16:21:36+00:00","twitter_card":"summary_large_image","twitter_misc":{"Gesch\u00e4tzte Lesezeit":"2\u00a0Minuten"},"schema":{"@context":"https:\/\/schema.org","@graph":[{"@type":"WebPage","@id":"https:\/\/www.astrologie-und-hom\u00f6opathie.de\/?page_id=92","url":"https:\/\/www.astrologie-und-hom\u00f6opathie.de\/?page_id=92","name":"Impressum - Naturheilpraxis Petra Doerfert","isPartOf":{"@id":"https:\/\/www.astrologie-und-hom\u00f6opathie.de\/#website"},"datePublished":"2013-10-31T14:46:46+00:00","dateModified":"2025-01-25T16:21:36+00:00","breadcrumb":{"@id":"https:\/\/www.astrologie-und-hom\u00f6opathie.de\/?page_id=92#breadcrumb"},"inLanguage":"de","potentialAction":[{"@type":"ReadAction","target":["https:\/\/www.astrologie-und-hom\u00f6opathie.de\/?page_id=92"]}]},{"@type":"BreadcrumbList","@id":"https:\/\/www.astrologie-und-hom\u00f6opathie.de\/?page_id=92#breadcrumb","itemListElement":[{"@type":"ListItem","position":1,"name":"Startseite","item":"https:\/\/www.astrologie-und-hom\u00f6opathie.de\/"},{"@type":"ListItem","position":2,"name":"Impressum"}]},{"@type":"WebSite","@id":"https:\/\/www.astrologie-und-hom\u00f6opathie.de\/#website","url":"https:\/\/www.astrologie-und-hom\u00f6opathie.de\/","name":"Naturheilpraxis Petra Doerfert","description":"Heilpraktikerin, gepr\u00fcfte Astrologin DAV","potentialAction":[{"@type":"SearchAction","target":{"@type":"EntryPoint","urlTemplate":"https:\/\/www.astrologie-und-hom\u00f6opathie.de\/?s={search_term_string}"},"query-input":{"@type":"PropertyValueSpecification","valueRequired":true,"valueName":"search_term_string"}}],"inLanguage":"de"}]}},"_links":{"self":[{"href":"https:\/\/www.astrologie-und-hom\u00f6opathie.de\/index.php?rest_route=\/wp\/v2\/pages\/92","targetHints":{"allow":["GET"]}}],"collection":[{"href":"https:\/\/www.astrologie-und-hom\u00f6opathie.de\/index.php?rest_route=\/wp\/v2\/pages"}],"about":[{"href":"https:\/\/www.astrologie-und-hom\u00f6opathie.de\/index.php?rest_route=\/wp\/v2\/types\/page"}],"author":[{"embeddable":true,"href":"https:\/\/www.astrologie-und-hom\u00f6opathie.de\/index.php?rest_route=\/wp\/v2\/users\/2"}],"replies":[{"embeddable":true,"href":"https:\/\/www.astrologie-und-hom\u00f6opathie.de\/index.php?rest_route=%2Fwp%2Fv2%2Fcomments&post=92"}],"version-history":[{"count":25,"href":"https:\/\/www.astrologie-und-hom\u00f6opathie.de\/index.php?rest_route=\/wp\/v2\/pages\/92\/revisions"}],"predecessor-version":[{"id":1296,"href":"https:\/\/www.astrologie-und-hom\u00f6opathie.de\/index.php?rest_route=\/wp\/v2\/pages\/92\/revisions\/1296"}],"wp:attachment":[{"href":"https:\/\/www.astrologie-und-hom\u00f6opathie.de\/index.php?rest_route=%2Fwp%2Fv2%2Fmedia&parent=92"}],"curies":[{"name":"wp","href":"https:\/\/api.w.org\/{rel}","templated":true}]}}