{"id":2,"date":"2013-10-18T10:18:43","date_gmt":"2013-10-18T08:18:43","guid":{"rendered":"http:\/\/www.rafaelgilbrand.de\/rgb\/wordpress-test\/?page_id=2"},"modified":"2023-05-26T15:08:01","modified_gmt":"2023-05-26T13:08:01","slug":"astrologie-homoeopathie","status":"publish","type":"page","link":"https:\/\/www.astrologie-und-hom\u00f6opathie.de\/","title":{"rendered":"Astrologie &#038; Hom\u00f6opathie"},"content":{"rendered":"<h2>Herzlich Willkommen!<\/h2>\n<p>Die Besonderheit meiner Naturheilpraxis liegt in der Verbindung von Hom\u00f6opathie und Astrologie. Das Angebot ist daher f\u00fcr Patienten ideal, die nach einem &#8222;Methoden-Crossover&#8220; suchen.<\/p>\n<p><img loading=\"lazy\" decoding=\"async\" class=\"wp-image-1011 size-medium aligncenter\" src=\"https:\/\/www.astrologie-und-hom\u00f6opathie.de\/wp-content\/uploads\/2016\/12\/shutterstock_Chamille-White-300x225.jpg\" alt=\"Globuli und Calendula Bl\u00fcten\" width=\"300\" height=\"225\" srcset=\"https:\/\/www.astrologie-und-hom\u00f6opathie.de\/wp-content\/uploads\/2016\/12\/shutterstock_Chamille-White-300x225.jpg 300w, https:\/\/www.astrologie-und-hom\u00f6opathie.de\/wp-content\/uploads\/2016\/12\/shutterstock_Chamille-White-768x576.jpg 768w, https:\/\/www.astrologie-und-hom\u00f6opathie.de\/wp-content\/uploads\/2016\/12\/shutterstock_Chamille-White-933x700.jpg 933w, https:\/\/www.astrologie-und-hom\u00f6opathie.de\/wp-content\/uploads\/2016\/12\/shutterstock_Chamille-White-400x300.jpg 400w, https:\/\/www.astrologie-und-hom\u00f6opathie.de\/wp-content\/uploads\/2016\/12\/shutterstock_Chamille-White.jpg 1000w\" sizes=\"auto, (max-width: 300px) 100vw, 300px\" \/><\/p>\n<h2>Hom\u00f6opathie<\/h2>\n<p>Die Hom\u00f6opathie sieht immer den ganzen Menschen, nicht isolierte Erkrankungen. Daher bin ich nicht auf bestimmte Krankheitsbilder spezialisiert. Jeder Patient ist anders, immer geht es darum, die Pers\u00f6nlichkeit mit ihrer umfassenden Vorgeschichte in die Behandlung einzubeziehen. Hom\u00f6opathische Mittel wirken sowohl auf den K\u00f6rper als auf die Psyche und k\u00f6nnen daher bei k\u00f6rperlichen sowie bei psychischen Themen angezeigt sein.<\/p>\n<h2>Astrologie<\/h2>\n<p>Die Astrologie er\u00f6ffnet ein besseres Verst\u00e4ndnis der psychosomatischen Hintergr\u00fcnde, weshalb es sich anbietet, der hom\u00f6opathischen Behandlung ein astrologisches Beratungsgespr\u00e4ch voranzustellen. Auch wenn ich es ablehne, hom\u00f6opathische Mittel direkt aus dem Horoskop abzuleiten, ergeben sich im Verlauf des astrologischen Beratungsgespr\u00e4chs oft schon Mittelideen, die dann allerdings noch im Rahmen der hom\u00f6opathischen Anamnese \u00fcberpr\u00fcft werden m\u00fcssen. M\u00f6chten Sie sich rein astrologisch &#8211; d.h. ohne hom\u00f6opathische Mittelwahl &#8211; beraten lassen, informieren Sie sich bitte auf meiner <a href=\"http:\/\/www.astro-doerfert.de\" target=\"_blank\" rel=\"noopener\">Astrologie-Seite<\/a>.<\/p>\n","protected":false},"excerpt":{"rendered":"<p>Herzlich Willkommen! Die Besonderheit meiner Naturheilpraxis liegt in der Verbindung von Hom\u00f6opathie und Astrologie. Das Angebot ist daher f\u00fcr Patienten ideal, die nach einem &#8222;Methoden-Crossover&#8220; suchen. Hom\u00f6opathie Die Hom\u00f6opathie sieht immer den ganzen Menschen, nicht isolierte Erkrankungen. Daher bin ich &hellip; <a href=\"https:\/\/www.astrologie-und-hom\u00f6opathie.de\/\">Weiterlesen <span class=\"meta-nav\">&rarr;<\/span><\/a><\/p>\n","protected":false},"author":1,"featured_media":0,"parent":0,"menu_order":2,"comment_status":"open","ping_status":"closed","template":"","meta":{"footnotes":""},"class_list":["post-2","page","type-page","status-publish","hentry"],"yoast_head":"<!-- This site is optimized with the Yoast SEO plugin v25.2 - https:\/\/yoast.com\/wordpress\/plugins\/seo\/ -->\n<title>Astrologie &amp; Hom\u00f6opathie - Naturheilpraxis Petra Doerfert<\/title>\n<meta name=\"robots\" content=\"index, follow, max-snippet:-1, max-image-preview:large, max-video-preview:-1\" \/>\n<link rel=\"canonical\" href=\"https:\/\/www.astrologie-und-hom\u00f6opathie.de\/\" \/>\n<meta property=\"og:locale\" content=\"de_DE\" \/>\n<meta property=\"og:type\" content=\"article\" \/>\n<meta property=\"og:title\" content=\"Astrologie &amp; Hom\u00f6opathie - Naturheilpraxis Petra Doerfert\" \/>\n<meta property=\"og:description\" content=\"Herzlich Willkommen! Die Besonderheit meiner Naturheilpraxis liegt in der Verbindung von Hom\u00f6opathie und Astrologie. Das Angebot ist daher f\u00fcr Patienten ideal, die nach einem &#8222;Methoden-Crossover&#8220; suchen. Hom\u00f6opathie Die Hom\u00f6opathie sieht immer den ganzen Menschen, nicht isolierte Erkrankungen. Daher bin ich &hellip; Weiterlesen &rarr;\" \/>\n<meta property=\"og:url\" content=\"https:\/\/www.astrologie-und-hom\u00f6opathie.de\/\" \/>\n<meta property=\"og:site_name\" content=\"Naturheilpraxis Petra Doerfert\" \/>\n<meta property=\"article:modified_time\" content=\"2023-05-26T13:08:01+00:00\" \/>\n<meta name=\"twitter:card\" content=\"summary_large_image\" \/>\n<meta name=\"twitter:label1\" content=\"Gesch\u00e4tzte Lesezeit\" \/>\n\t<meta name=\"twitter:data1\" content=\"1\u00a0Minute\" \/>\n<script type=\"application\/ld+json\" class=\"yoast-schema-graph\">{\"@context\":\"https:\/\/schema.org\",\"@graph\":[{\"@type\":\"WebPage\",\"@id\":\"https:\/\/www.astrologie-und-hom\u00f6opathie.de\/\",\"url\":\"https:\/\/www.astrologie-und-hom\u00f6opathie.de\/\",\"name\":\"Astrologie & Hom\u00f6opathie - Naturheilpraxis Petra Doerfert\",\"isPartOf\":{\"@id\":\"https:\/\/www.astrologie-und-hom\u00f6opathie.de\/#website\"},\"datePublished\":\"2013-10-18T08:18:43+00:00\",\"dateModified\":\"2023-05-26T13:08:01+00:00\",\"breadcrumb\":{\"@id\":\"https:\/\/www.astrologie-und-hom\u00f6opathie.de\/#breadcrumb\"},\"inLanguage\":\"de\",\"potentialAction\":[{\"@type\":\"ReadAction\",\"target\":[\"https:\/\/www.astrologie-und-hom\u00f6opathie.de\/\"]}]},{\"@type\":\"BreadcrumbList\",\"@id\":\"https:\/\/www.astrologie-und-hom\u00f6opathie.de\/#breadcrumb\",\"itemListElement\":[{\"@type\":\"ListItem\",\"position\":1,\"name\":\"Startseite\",\"item\":\"https:\/\/www.astrologie-und-hom\u00f6opathie.de\/\"},{\"@type\":\"ListItem\",\"position\":2,\"name\":\"Astrologie &#038; Hom\u00f6opathie\"}]},{\"@type\":\"WebSite\",\"@id\":\"https:\/\/www.astrologie-und-hom\u00f6opathie.de\/#website\",\"url\":\"https:\/\/www.astrologie-und-hom\u00f6opathie.de\/\",\"name\":\"Naturheilpraxis Petra Doerfert\",\"description\":\"Heilpraktikerin, gepr\u00fcfte Astrologin DAV\",\"potentialAction\":[{\"@type\":\"SearchAction\",\"target\":{\"@type\":\"EntryPoint\",\"urlTemplate\":\"https:\/\/www.astrologie-und-hom\u00f6opathie.de\/?s={search_term_string}\"},\"query-input\":{\"@type\":\"PropertyValueSpecification\",\"valueRequired\":true,\"valueName\":\"search_term_string\"}}],\"inLanguage\":\"de\"}]}<\/script>\n<!-- \/ Yoast SEO plugin. -->","yoast_head_json":{"title":"Astrologie & Hom\u00f6opathie - Naturheilpraxis Petra Doerfert","robots":{"index":"index","follow":"follow","max-snippet":"max-snippet:-1","max-image-preview":"max-image-preview:large","max-video-preview":"max-video-preview:-1"},"canonical":"https:\/\/www.astrologie-und-hom\u00f6opathie.de\/","og_locale":"de_DE","og_type":"article","og_title":"Astrologie & Hom\u00f6opathie - Naturheilpraxis Petra Doerfert","og_description":"Herzlich Willkommen! Die Besonderheit meiner Naturheilpraxis liegt in der Verbindung von Hom\u00f6opathie und Astrologie. Das Angebot ist daher f\u00fcr Patienten ideal, die nach einem &#8222;Methoden-Crossover&#8220; suchen. Hom\u00f6opathie Die Hom\u00f6opathie sieht immer den ganzen Menschen, nicht isolierte Erkrankungen. Daher bin ich &hellip; Weiterlesen &rarr;","og_url":"https:\/\/www.astrologie-und-hom\u00f6opathie.de\/","og_site_name":"Naturheilpraxis Petra Doerfert","article_modified_time":"2023-05-26T13:08:01+00:00","twitter_card":"summary_large_image","twitter_misc":{"Gesch\u00e4tzte Lesezeit":"1\u00a0Minute"},"schema":{"@context":"https:\/\/schema.org","@graph":[{"@type":"WebPage","@id":"https:\/\/www.astrologie-und-hom\u00f6opathie.de\/","url":"https:\/\/www.astrologie-und-hom\u00f6opathie.de\/","name":"Astrologie & Hom\u00f6opathie - Naturheilpraxis Petra Doerfert","isPartOf":{"@id":"https:\/\/www.astrologie-und-hom\u00f6opathie.de\/#website"},"datePublished":"2013-10-18T08:18:43+00:00","dateModified":"2023-05-26T13:08:01+00:00","breadcrumb":{"@id":"https:\/\/www.astrologie-und-hom\u00f6opathie.de\/#breadcrumb"},"inLanguage":"de","potentialAction":[{"@type":"ReadAction","target":["https:\/\/www.astrologie-und-hom\u00f6opathie.de\/"]}]},{"@type":"BreadcrumbList","@id":"https:\/\/www.astrologie-und-hom\u00f6opathie.de\/#breadcrumb","itemListElement":[{"@type":"ListItem","position":1,"name":"Startseite","item":"https:\/\/www.astrologie-und-hom\u00f6opathie.de\/"},{"@type":"ListItem","position":2,"name":"Astrologie &#038; Hom\u00f6opathie"}]},{"@type":"WebSite","@id":"https:\/\/www.astrologie-und-hom\u00f6opathie.de\/#website","url":"https:\/\/www.astrologie-und-hom\u00f6opathie.de\/","name":"Naturheilpraxis Petra Doerfert","description":"Heilpraktikerin, gepr\u00fcfte Astrologin DAV","potentialAction":[{"@type":"SearchAction","target":{"@type":"EntryPoint","urlTemplate":"https:\/\/www.astrologie-und-hom\u00f6opathie.de\/?s={search_term_string}"},"query-input":{"@type":"PropertyValueSpecification","valueRequired":true,"valueName":"search_term_string"}}],"inLanguage":"de"}]}},"_links":{"self":[{"href":"https:\/\/www.astrologie-und-hom\u00f6opathie.de\/index.php?rest_route=\/wp\/v2\/pages\/2","targetHints":{"allow":["GET"]}}],"collection":[{"href":"https:\/\/www.astrologie-und-hom\u00f6opathie.de\/index.php?rest_route=\/wp\/v2\/pages"}],"about":[{"href":"https:\/\/www.astrologie-und-hom\u00f6opathie.de\/index.php?rest_route=\/wp\/v2\/types\/page"}],"author":[{"embeddable":true,"href":"https:\/\/www.astrologie-und-hom\u00f6opathie.de\/index.php?rest_route=\/wp\/v2\/users\/1"}],"replies":[{"embeddable":true,"href":"https:\/\/www.astrologie-und-hom\u00f6opathie.de\/index.php?rest_route=%2Fwp%2Fv2%2Fcomments&post=2"}],"version-history":[{"count":86,"href":"https:\/\/www.astrologie-und-hom\u00f6opathie.de\/index.php?rest_route=\/wp\/v2\/pages\/2\/revisions"}],"predecessor-version":[{"id":1234,"href":"https:\/\/www.astrologie-und-hom\u00f6opathie.de\/index.php?rest_route=\/wp\/v2\/pages\/2\/revisions\/1234"}],"wp:attachment":[{"href":"https:\/\/www.astrologie-und-hom\u00f6opathie.de\/index.php?rest_route=%2Fwp%2Fv2%2Fmedia&parent=2"}],"curies":[{"name":"wp","href":"https:\/\/api.w.org\/{rel}","templated":true}]}}